) + 2 + 3 - 4
-5
What is 3 + (-14 - -4) + 3?
-4
What is 6 + -3 - (11 - 7)?
-1
Calculate 196 + -206 - (0 + -8).
-2
What is 8 + -7 + 3 - (6 - 3)?
1
What is -3 + (4 - 1) + -7 + 13?
6
What is the value of 29 + -25 + 3 + -1?
6
Evaluate -4 - (-9 + (-1 - (4 + -10))).
0
6 - (48 - 48 - (-1 - 3))
2
Evaluate -1 + 3 + (-12 - (-6 - 0)).
-4
Evaluate -9 - (-8 + (2 - -1)).
-4
What is (13 - (-2 - 0)) + (-81 - -74)?
8
What is 11 + -3 + 3 + -3?
8
What is the value of (-3 - -6) + (-5 - 1) + 9?
6
What is the value of (-3 + 9 - -1) + -6?
1
Evaluate 3 - (5 - (3 + 2 + 1)).
4
What is the value of -24 + 22 - (3 + 0)?
-5
What is -2 - ((-2 - -1 - 7) + 6)?
0
What is the value of -1 + -1 + (0 - (-2 - -1))?
-1
Evaluate 27 + -8 + -6 + -6.
7
Evaluate (-4 - -4) + 3 - 6.
-3
Evaluate -2 - (-3 + -6 - 0).
7
What is 38 - 42 - (-3 + (-1 - 0))?
0
Calculate -2 - (-4 - (4 + -2)).
4
What is the value of 14 + 1 + -11 - (3 - 2)?
3
Calculate 5 - -3 - 0 - 4.
4
(3 - -2 - (0 - -1)) + 1
5
What is the value of 2 - -1 - (7 - 4 - 5)?
5
What is -1 + 11 + -3 + -7?
0
What is (9 - -6) + -12 + -8?
-5
Evaluate -8 + (-5 + (-1 - -5) - -8).
-1
Calculate (1 - -3) + 7 + -10.
1
What is the value of 9 - 15 - (2 - 12 - 0)?
4
What is (-13 - -18) + 5 + -6?
4
-1 - (-7 + (-6 - -14))
-2
What is -2 - (0 + -2) - (-10 + 8)?
2
Calculate (-11 + 7 - 1 - -5) + 1.
1
What is -21 - -20 - (1 + (1 - 2))?
-1
What is the value of (3 - 1 - -5) + 148 + -147?
8
0 + (1 - (2 + -3) - 6)
-4
(0 - 1 - -4) + 855 + -852
6
What is the value of (0 - (-1 + 3 + 1)) + 0?
-3
Calculate -12 - (-3 - (9 - 1)).
-1
What is (2 - 0) + -3 - (-7 + 0)?
6
Calculate -3 + (-2 - -15) + -1.
9
Evaluate -2 - (2 + (2 - 1) + -2).
-3
5 - 4 - (-1 + 3)
-1
What is the value of (2 - 12) + (1 - -1) + 3?
-5
Calculate -2 - (1 + 1 - (0 - -1)).
-3
What is the value of 8 + (1 + 0 - (17 - 13))?
5
What is -2 - (5 + -12) - 10?
-5
Evaluate (-3 - -6) + -5 + 5.
3
What is (-8 - -4 - -8) + (-9 - 0)?
-5
(-5 - -1) + (-9 - -2) + 6
-5
3 - (6 + -4 + 5 - 2)
-2
-6 + -1 - (-18 + 7)
4
Evaluate -3 - (0 - 5 - -5 - 3).
0
What is the value of 5 + 8 + -22 + 6?
-3
Calculate (3 - 3 - -9) + -7.
2
Calculate -2 + 8 - (4 + 8 + -7).
1
Calculate (-8 - 1) + 0 + -15 + 20.
-4
Calculate (-1 - -1) + (3 - -3).
6
3 + 0 - (18 - 18) - -1
4
What is 0 + -4 - (2 + -2) - -3?
-1
What is 1 + 0 + -11 + 15 + 0?
5
2 + -5 + (7 + -8 - -3)
-1
Calculate -1 + -3 - (7 + (-14 - -2)).
1
What is -1 - (-2 + 3 - (-2 - 0))?
-4
What is the value of 8 + (-10 + 5 - 4) + 2?
1
What is the value of -1 + 6 + -4 + -2 + -3?
-4
What is the value of (-1 - 1) + 3 - 4?
-3
Calculate 7 - (13 + -7 - 2).
3
Evaluate -11 - -5 - (-5 - -1) - 3.
-5
2 + (-1 - 1 - -2)
2
Evaluate -5 + 5 - -7 - 9.
-2
Calculate 8 + (-7 - 1) - (-1 - -2).
-1
What is 4 - (3 + -4 - -8 - -1)?
-4
-2 + (-1 - (-4 + 2)) + 0
-1
-13 + (24 - (1 - 0))
10
3 + -11 + 6 - -7
5
Evaluate -2 + 1 + -6 + 3 + 9.
5
What is -2 - (2 - (4 + 3))?
3
What is the value of -8 + 13 + -2 + -8?
-5
What is the value of -8 + -7 + 11 - (-2 + 0)?
-2
0 + -4 + 5 + -2 + 2
1
What is the value of -45 - -41 - (-7 + 1 - -1)?
1
What is 5 + -4 - 6 - -2?
-3
What is the value of 0 - (19 + -10) - -11?
2
What is 7 + -6 - (1 + (-3 - 1))?
4
Calculate -3 - (7 - 10 - 9).
9
1 + 3 + -2 + 2 - 3
1
Calculate -8 - (3 + -2 + -6).
-3
Evaluate 12 - (2 + 10) - 1.
-1
Calculate -1 - ((1 - (3 - 4)) + -5).
2
What is 5 + (-5 - (-2 + -4) - 7)?
-1
What is -4 + 0 + -3 + 9 + -3?
-1
What is the value of -1 + (-4 - 1 - -9)?
3
Evaluate -10 + 2 + 0 + 3.
-5
Evaluate 5 - (1 + (8 - 8)).
4
Evaluate -2 - -7 - (-5 + 1 + 3).
6
Evaluate 0 - -2 - (-3 - -7).
-2
What is the value of 1 + (3 - (1 - -3)) + -1?
-1
Evaluate -20 + (2 - -4) + (4 - -2).
-8
(2 - (-5 - 1 - -2)) + -6
0
Calculate (2 - (-1 - -4)) + 4 + 2.
5
What is the value of -8 + (9 - 4) - -13?
10
Calculate -12 + 6 + 0 + (1 - 2).
-7
What is the value of 2 + -2 + -4 + -1 + 2?
-3
What is the value of -1 - (-1 + 2 + 3)?
-5
What is the value of -2 + (-11 - -8) + -4 - -6?
-3
1 + (2 - (-3 - -4))
2
Calculate 3 + (-5 - 2) + 2.
-2
Calculate (-25 - -33) + (3 - 5 - 3).
3
What is the value of 0 - (-2 + 2 + -2 + 0)?
2
Calculate -11 - -13 - (9 - -1).
-8
What is 6 - 0 - (3 + (-4 - -3))?
4
3 - (-2 + 8 + -4)
1
What is -4 + 6 + (-7 - -4)?
-1
What is 1 - 2 - 6 - -3?
-4
Evaluate -1 + (3 - (-2 - -1)).
3
Calculate (-4 - 2) + (-1 - -9).
2
What is the value of -10 + 4 + 6 + -1?
-1
Evaluate (2 - 0 - -2) + 0.
4
8 + -3 + 2 + -10
-3
What is 3 + (4 + -3 - 4)?
0
Evaluate -11 + (-15 - -4) + 24.
2
What is the value of 0 + -3 - (-18 - -18)?
-3
What is the value of -13 - (-10 + (2 - (0 - 0)))?
-5
Calculate 2 + -3 + (2 - 2).
-1
What is the value of -1 + -3 + -5 + 7?
-2
What is the value of -1 + -1 + -5 + 7 + -4?
-4
Evaluate 5 + -12 - (-4 - 7).
4
Evaluate (1 - (4 - 1 - 4)) + -1.
1
What is the value of (0 - (2 + -3)) + (1 - 6)?
-4
Calculate (-5 - -1) + (-20 - -14) - -3.
-7
6 + (8 - (-14 + 18))
10
What is the value of -3 - (-1 + -3 + 1)?
0
Calculate 18 - 22 - (-2 - (1 + -1)).
-2
What is 1 + (-4 - -1) + -1 - -4?
1
Calculate 5 + -5 + 4 - 8 - -10.
6
What is -1 + (4 - -2) + 0?
5
-11 + 8 + (3 - -5) + -1
4
Calculate -3 + 1 + -7 + 1.
-8
Evaluate 7 - -1 - (-2 - (-5 + -3)).
2
Calculate (5 + 3 - 5) + 2.
5
Evaluate 5 + (1 - (12 - 4)).
-2
What is the value of -2 + 9 + -4 + -5?
-2
What is the value of (-6 - -1) + (118 - 106)?
7
What is (-3 + -2 - (4 + -7)) + 4?
2
Calculate -13 + 6 - 1 - (-2 + -1).
-5
What is the value of (12 - 11) + (-2 - -3) + 2?
4
What is the value of -12 + 18 + (-13 - -1)?
-6
Calculate 0 + 1 + (-3 + -9 - -6).
-5
Evaluate (-2 - 0) + 6 + 0.
4
What is -3 + 0 - -2 - (0 - -1)?
-2
What is the value of 3 - ((-3 - 1) + 6 + 2)?
-1
What is the value of -1 + (2 - 1) - (3 - 1)?
-2
Evaluate (-2 + 0 - -5) + -1 + -1.
1
What is the value of (3 - 1) + -5 + 1?
-2
Evaluate 4 - (1 - -2 - (-14 + 15)).
2
Calculate (-5 - -6) + (1 - 1) + -5.
-4
Calculate -5 - ((10 - (4 + 1)) + -2).
-8
Evaluate -6 - -1 - (14 + -15).
-4
Evaluate (3 - 10 - -4) + (17 - 13).
1
What is the value of 10 - (4 + -4 - -6) - 12?
-8
-3 + (3 + (-3 - 1) - -7)
3
What is the value of -8 + -1 + 2 + 3?
-4
What is -3 - (4 + -3 - 0)?
-4
What is 13 - (5 + 9 + 4)?
-5
-5 + 6 + 4 + -7
-2
Evaluate 6 - 1 - (6 - 4) - 4.
-1
What is the value of -4 + 6 + -5 + -1?
-4
22 + -21 - (6 + (-1 - -1))
-5
1 + (0 - 4 - (6 + -7))
-2
Calculate 4 + -1 + 0 + -9 + -1.
-7
Calculate 3 + -3 + 3 - -2.
5
What is the value of 3 + 4 - (6 - -3)?
-2
38 + -26 + 4 + -13
3
Calculate 3 + -3 + 1 + (0 - 0).
1
What is -6 - ((0 - 2) + 11 + -13)?
-2
What is the value of -3 - 0 - (1 - (-4 - -7))?
-1
What is -29 + 38 - (6 + 0)?
3
Evaluate -3 + (0 - -1) + -48 + 49.
-1
Calculate (2 - 0) + -16 + 20.
6
What is the value of 0 + 3 + (-9 - -10) - 0?
4
Calculate -4 - (-8 + 1 + 2 - -4).
-3
What is 5 + (-3 - 2 - 1)?
-1
Evaluate -3 - -5 - (-2 - (-1 - 2)).
1
What is the value of 10 + -5 - (-2 + 3 + 4)?
0
Calculate (-3 - 3) + 2 + 1.
-3
Evaluate 4 - (-4 + 7 - 3).
4
What is the value of -2 + 3 - -4 - 4?
1
Calculate -3 + 1 + 4 + -1 - -4.
5
Calculate 0 + 10 + (-108 - -101).
3
What is 1 + (-4 + 7 - 7) - 0?
-3
Calculate -5 - -4 - (-3 + 3).
-1
Evaluate 22 - (7 + 4) - 19.
-8
-1 - ((6 - 8) + 0 + 1)
0
Calculate 5 - (2 + (-1 - 2) + 1).
5
What is the value of 1 + (-6 - -5) - -2?
2
3 - (0 - (-3 - -1))
1
Calculate 11 - 12 - (1 + 0 - -5).
-7
9 + -6 - (2 - (3 + 0))
4
Evaluate 11 - (-5 + (-9 - -19)).
6
What is the value of (0 - -3) + -2 + -42 + 44?
3
What is the value of 7 + (-8 - (0 - (14 + -7)))?
6
-1 - -4 - (7 - (8 - 7))
-3
-4 + -6 + 4 + 10
4
Calculate 1 - (2 - -2) - -5.
2
Evaluate (4 - -2) + -8 + -10 + 6.
-6
What is -5 + (8 - 4) + (4 - 0)?
3
What is the value of 4 - (-30 - -27 - (0 - 0))?
7
Calculate -11 + 22 + -8 - (6 - 2).
-1
Evaluate 16 + -10 - (14 + -6).
-2
What is 9 - (5 + (-5 - -3))?
6
-9 + 2 + -1 + (28 - 23)
-3
(0 - (1 - 1 - 1)) + 3
4
Calculate -6 + (-5 + (5 - -2) - -5).
1
What is -6 + (-2 + -2 - 2 - -6)?
-6
What is the value of 4 - 2 - 1 - -6?
7
(-2 - 0) + 7 - 6
-1
Calculate -1 - (1 + (5 - (-2 - -5))).
-4
What is 2 - (-10 + 2 + 10)?
0
What is the value of 6 + -3 - (-2 - 0)?
5
What is 5 - ((-7 - -3) + 7)?
2
What is 4 - ((-1 - 3) + (-3 - -11))?
0
What is the value of (-6 - -1) + (0 + -2 - -5)?
-2
What is the value of 3 + (6 - 14) - -6?
1
(-3 - -2) + 2 - (3 - 4)
2
Evaluate (1 - (0 - -1)) + -1.
-1
22 + -18 - (-5 + 2 + 2)
5
What is 2 + (-1 - 0) + (0 - -3)?
4
Wha